 when p is divided by l(3).
63
Let i = -5 + -139. Let a = -100 - i. Suppose 0 = -5*v - 4*t + 56, 2*t + 10 + 4 = v. What is the remainder when a is divided by v?
8
Suppose 14*b - 391 + 111 = 0. What is the remainder when 93 is divided by b?
13
Let w be (-2 + 1)/((72/16)/(-9)). Calculate the remainder when 145/w + (-3)/(-2) is divided by 20.
14
Suppose 5*a - 5445 = 5*v, 15*v - 16*v = 5*a - 5445. What is the remainder when a is divided by 14?
11
Suppose 110*c - 128*c = -432. Calculate the remainder when 191 is divided by c.
23
Suppose -2*m + t - 29 = -6*m, 4*m = -3*t + 23. Let s(l) = 3*l - 19. Calculate the remainder when s(m) is divided by 4.
1
Suppose -2*h = -12 + 2. Suppose 0 = -10*u + 109 + 161. Calculate the remainder when u is divided by h.
2
Suppose x - 39 = 2*f, -x = 2*f + f - 44. What is the remainder when 55 is divided by x?
14
Let b(x) = -9*x + 171. Calculate the remainder when b(-4) is divided by 30.
27
Let j = 105 - 67. Suppose -u = -2, -2*d + 4*u = -3*d + 21. Suppose 2*p - 24 = 4*z, -p + 0*z + d = -3*z. Calculate the remainder when j is divided by p.
8
Let h = 224 - 134. Let l = h + -26. What is the remainder when l is divided by 17?
13
Suppose -52*r + 7722 = -19*r. Calculate the remainder when r is divided by 119.
115
Suppose -4*c + 5*w = -36, -3*c + 4*w + 24 = -c. What is the remainder when (2/(-4))/(c/(-160)) is divided by 2/7 + 75/7?
9
Suppose 0 = -4*p - 3*i + 300, -4*p + 396 = 5*i + 96. Calculate the remainder when p is divided by 39.
36
Let o = -11 - -36. Let l = -24 + o. Calculate the remainder when 4 is divided by l.
0
Let j(b) = -4 - 101*b - b**2 + 105*b + 2*b**2. Calculate the remainder when 38 is divided by j(2).
6
Let a(l) = -l + 1. Let h be a(3). Let j be h/(-4) + 2/4. Suppose -z - 4*v + 95 = 2*z, v + j = 0. Calculate the remainder when z is divided by 17.
16
Let b(r) = 8*r + 5. Let u(d) = 2*d**2 - 19*d + 61. Calculate the remainder when b(8) is divided by u(7).
17
Let r(x) = 2*x. Let m be r(2). Suppose -d = t, m*d = t + t - 12. Suppose 0 = 4*u + u - 10, -5*u + 38 = t*v. Calculate the remainder when 39 is divided by v.
11
Let y = 29 - 17. Let q be 2 - (2 + -3 - 19). Suppose 4*x - q = 3*x. Calculate the remainder when x is divided by y.
10
Suppose -6*b + 32 = -22. Calculate the remainder when 22 is divided by b/36 + 70/8 + -1.
6
Suppose 3*c = 8*c - 15, 2*c = -5*d + 26. Suppose -134*s = -135*s + 18. Calculate the remainder when s is divided by d.
2
Suppose -630 = -k - 575. Calculate the remainder when 105 is divided by k.
50
Suppose o - k = 2*k + 237, -k + 453 = 2*o. Suppose 3*u - 5*h = -10*h + 225, -3*u - 4*h = -o. What is the remainder when u is divided by 21?
17
Let r = 304 + 5. What is the remainder when r is divided by 24?
21
Suppose -g = l + 19, 5*g + 2 + 96 = -4*l. Suppose 0 = c - 5, 5*c - 195 + 44 = -3*y. What is the remainder when y is divided by (0 + -3)/(6/g)?
9
Suppose 32*h = h + 1891. Calculate the remainder when 235 is divided by h.
52
Let n(q) = -3*q + 7. Let p be n(0). Suppose -6*d = -p*d + 3. What is the remainder when 6 is divided by d?
0
Suppose 0 = -5*v + v + 40. Suppose p - 5 - 7 = 0. Suppose -i = v - p. Calculate the remainder when 3 is divided by i.
1
Suppose -2*t = -2*k + 78, 5*t - 21 - 4 = 0. Calculate the remainder when 117 is divided by k.
29
Suppose 0 = -4*b - 3*q + 90 + 97, -4*b = 2*q - 182. Calculate the remainder when b is divided by 6.
1
Suppose 5*i + 0*i + 120 = -5*j, j = -4*i - 33. Let l = j - -38. What is the remainder when l is divided by 9?
8
Suppose 0 = -45*l + 51*l - 402. What is the remainder when l is divided by 23?
21
Let u = 269 - 264. Calculate the remainder when u is divided by 2.
1
Let q = -604 - -800. Calculate the remainder when q is divided by 64.
4
Suppose 366 = -44*k + 46*k. What is the remainder when k is divided by 31?
28
Suppose 7*c = 78 + 307. Calculate the remainder when c is divided by 6.
1
Let i(u) = u**3 - 13*u**2 + 14*u - 19. Suppose 12*g + 64 = 472. What is the remainder when g is divided by i(12)?
4
Let y(l) = -8*l + 22. Suppose 6*b - 50 = -80. What is the remainder when 308 is divided by y(b)?
60
Suppose 7*z - 4*z = -6. Let r = -3 - z. What is the remainder when 38 is divided by r + 17 - (5 - 2)?
12
Let k(h) = -5*h + 21. Let l be k(30). Let y = 152 + l. Calculate the remainder when y is divided by 16.
7
Suppose -66 = 3*x - 2*p, 4*x - 5*x - 4*p = 22. Let c be (-106)/x + (-4)/(-22). Let z = c - -8. What is the remainder when 25 is divided by z?
12
Suppose 5*q - c - 37 = 0, -3 = -0*q + q + 5*c. Suppose -44*d - 19*d = -2898. What is the remainder when d is divided by q?
4
Let b(r) = 62*r - 347. Calculate the remainder when b(6) is divided by 2.
1
Let h be (110 + -2)*2/(-2). Let p = -54 - h. Let c = -33 + p. Calculate the remainder when c is divided by 8.
5
Let m = 32 - 20. Suppose 4*q = -2*r - 52, 6*q - 4*r = q - 65. Let n = q - -18. What is the remainder when m is divided by n?
2
Suppose -17*c + 84 = -86. Let r = 0 + 1. Let i = r + 36. What is the remainder when i is divided by c?
7
Suppose q + 4 - 22 = 0. What is the remainder when 29 is divided by q?
11
Suppose l - 5*f = 17 - 3, 0 = -l + 3*f + 6. Let p = 18 + l. What is the remainder when 20 is divided by p?
8
Suppose -2*j + 7*z - 9 = 2*z, -2*z = -6. Suppose -4*i + m = -114, 3*i - m - 80 = -j*m. Suppose -133 = -17*c + 37. What is the remainder when i is divided by c?
8
Suppose 4*g - 342 = 83*q - 77*q, -4*g = 5*q - 375. Calculate the remainder when g is divided by 1*35 + 0 + 1.
18
Suppose 12*o + 456 = 20*o. Calculate the remainder when 168 is divided by o.
54
Suppose 4*i = -0*j - 5*j + 533, -4*j = 3*i - 400. What is the remainder when i is divided by 15?
12
Let i(a) = -a**2 - 37*a - 83. What is the remainder when 47 is divided by i(-34)?
9
Let u = -1 + -3. Let b = 14 + u. Let g = 65 + -38. Calculate the remainder when g is divided by b.
7
Suppose 3*j - 6*j + 3 = 0. What is the remainder when 9 is divided by (1 + (-3 - -1))*(j - 4)?
0
Suppose 0 = 12*k - 7*k - 15, -4*s - 5*k = -239. What is the remainder when 160 is divided by s?
48
Suppose 3*d + 27 = 105. Let q(i) = 9*i + 83. Let y be q(0). Suppose n - y = 19. What is the remainder when n is divided by d?
24
Suppose 2*i - i - 637 = -t, -t = -1. Calculate the remainder when (12/9)/(8/i) is divided by 27.
25
Let a(t) = 2*t**2 + 140*t - 275. What is the remainder when 1766 is divided by a(2)?
11
Let o = 207 - 144. Let p be (-110)/4*8/(-10). Suppose -5*f + 5*c + 110 = c, -f + p = c. What is the remainder when o is divided by f?
19
Suppose 6 = 3*g, h + 14*g - 118 = 10*g. What is the remainder when h is divided by 88?
22
Let l(j) = -j**2 - 9*j - 1. Let p be l(-6). Let q(z) = z + 12. Calculate the remainder when 54 is divided by q(p).
25
Suppose 10*k - 667 = 33. Calculate the remainder when 130 is divided by k.
60
Suppose 0 = -22*v + 48*v - 1248. What is the remainder when 51 is divided by v?
3
Let l(p) = p - 3. Let h be l(7). Suppose h*s = -2*s + 12. Calculate the remainder when 3 is divided by s.
1
Suppose 66 = -36*b + 37*b. Suppose 2*z + 4*i = 36, -19 + b = 4*z + 3*i. Suppose p - 3*p + 2 = 0, -4*p = c - 26. What is the remainder when c is divided by z?
6
Let n = 27 - 43. Let k = -5 - n. Calculate the remainder when 21 is divided by k.
10
Let x be -1 + (6 - 2) + 17. Let j = x - 5. Let u(w) = w**2 + 3*w + 1. Calculate the remainder when u(-7) is divided by j.
14
Let b(n) = -n**2 + 29*n - 175. Calculate the remainder when 66 is divided by b(12).
8
Suppose -3*z + 2*z + 20 = -3*i, -2 = 2*i. Let h(s) = -7*s - 22. What is the remainder when z is divided by h(-4)?
5
Let r = 803 + -789. Calculate the remainder when 109 is divided by r.
11
Suppose -2*u = 0, -6*u + 7*u + 467 = f. What is the remainder when f is divided by 13?
12
Let t be 4 - (-2 - (-3 - (4 + -11))). Suppose 0*p - 900 = -t*p. Calculate the remainder when p is divided by 157/5 + 4/(-10).
28
Let o(s) = 15*s + 6. Let g = 15 - 8. Let b(p) = -7*p - 3. Let i(n) = g*b(n) + 4*o(n). Calculate the remainder when i(8) is divided by 23.
22
Let i(b) = 14*b - 47. Let u be i(-6). Let z = u - -151. What is the remainder when (118/6)/(2/6) is divided by z?
19
Calculate the remainder when 66 is divided by (-3 - (-28)/8)*(31 + 3).
15
Suppose -16*j = j - 476. What is the remainder when 108 is divided by j?
24
Let y(j) = j**3 -